{"id":261,"date":"2016-11-10T15:42:51","date_gmt":"2016-11-10T15:42:51","guid":{"rendered":"https:\/\/oceanwp.org\/architect\/?page_id=261"},"modified":"2022-07-20T10:15:16","modified_gmt":"2022-07-20T08:15:16","slug":"work","status":"publish","type":"page","link":"https:\/\/3tech-informatique.fr\/index.php\/work\/","title":{"rendered":"Nos services"},"content":{"rendered":"\t\t<div data-elementor-type=\"wp-page\" data-elementor-id=\"261\" class=\"elementor elementor-261\">\n\t\t\t\t\t\t<section class=\"elementor-section elementor-top-section elementor-element elementor-element-65c637b elementor-section-boxed elementor-section-height-default elementor-section-height-default\" data-id=\"65c637b\" data-element_type=\"section\">\n\t\t\t\t\t\t<div class=\"elementor-container elementor-column-gap-default\">\n\t\t\t\t\t<div class=\"elementor-column elementor-col-100 elementor-top-column elementor-element elementor-element-5f8fd25\" data-id=\"5f8fd25\" data-element_type=\"column\">\n\t\t\t<div class=\"elementor-widget-wrap elementor-element-populated\">\n\t\t\t\t\t\t<div class=\"elementor-element elementor-element-d8e823e elementor-widget elementor-widget-text-editor\" data-id=\"d8e823e\" data-element_type=\"widget\" data-widget_type=\"text-editor.default\">\n\t\t\t\t<div class=\"elementor-widget-container\">\n\t\t\t\t\t\t\t\t\t<h2><em>NOS<\/em><strong><em> PRESTATIONS DE D\u00c9PANNAGE INFORMATIQUE : <\/em><\/strong><\/h2><ul><li>Vous avez besoin d\u2019aide pour installer une application, un \u00e9quipement ou une application ?<\/li><li>Votre PC est tr\u00e8s lent ou bloqu\u00e9.<\/li><li>Votre appareil ne d\u00e9marre plus du tout ou d\u00e9marre sur son syst\u00e8me en boucle.<\/li><li>Vous avez des difficult\u00e9s \u00e0 avoir un acc\u00e8s internet.<\/li><li>Vous avez un virus sur votre PC.<\/li><li>Votre \u00e9cran de PC Portable est cass\u00e9.<\/li><li>Vous avez perdu des donn\u00e9es que vous souhaitez r\u00e9cup\u00e9rer.<\/li><li>Vous vous sentez perdu avec l\u2019utilisation de votre ordinateur.<\/li><li>Un des composants de votre ordinateur est d\u00e9fectueux.<\/li><li>Un de vos p\u00e9riph\u00e9riques (imprimante, clavier, souris, hauts parleurs\u2026) ne fonctionne plus correctement.<\/li><li>\u2026.<\/li><\/ul><p>Nos techniciens se chargent de vous accompagner vers la solution la plus appropri\u00e9e.<\/p><h2><strong><em>NOS PRESTATIONS DE MAINTENANCE INFORMATIQUE : <\/em><\/strong><\/h2><p>Professionnels (Artisans, Commer\u00e7ants, PME), Collectivit\u00e9s, Association, nous assurons la maintenance de votre parc informatique.<\/p><p><strong><em>3TECH Informatique<\/em><\/strong> vous propose des <strong>contrats de maintenance<\/strong>, adapt\u00e9s \u00e0 votre installation.<\/p><p>La maintenance peut \u00eatre <strong>pr\u00e9ventive<\/strong>\u00a0: nettoyage de l\u2019ordinateur, installation des MAJ des PC ou des serveurs, installation d\u2019un Antivirus, mise en place de sauvegarde automatis\u00e9e\u2026<\/p><p>La maintenance peut \u00e9galement \u00eatre <strong>curative<\/strong>\u00a0: d\u00e9pannage suite \u00e0 un incident mat\u00e9riel d\u2019un ordinateur ou d\u2019un serveur, \u00e9radication des virus, probl\u00e8me sur le r\u00e9seau interne\u2026<\/p><p>Enfin, la maintenance peut \u00eatre <strong>\u00e9volutive<\/strong>\u00a0: am\u00e9lioration de vos installations pour arriver \u00e0 une optimisation totale de votre syst\u00e8me informatique, ajout de nouveaux p\u00e9riph\u00e9riques, renforcement de la s\u00e9curit\u00e9 de votre r\u00e9seau\u2026<\/p><h2><strong><em>NOS SOLUTIONS DE SAUVEGARDE<\/em><\/strong> :<\/h2><h4><strong><em>Pertes de donn\u00e9es<\/em><\/strong> :<\/h4><p>Que vous soyez une entreprise ou un particulier, la perte de donn\u00e9es est toujours un probl\u00e8me d\u00e9licat.<\/p><p>Les documents personnels (photos, films, musiques, documents texte, tableur etc), peuvent \u00eatre perdu \u00e0 tout moment lors du fonctionnement du PC.<\/p><p>Selon l\u2019\u00e9tat du mat\u00e9riel, nous nous occupons de r\u00e9cup\u00e9rer les donn\u00e9es perdues ou de confier cette tache \u00e0 un laboratoire sp\u00e9cialis\u00e9.<\/p><h4><em><strong>Sauvegardes<\/strong><\/em> :<\/h4><p>3TECH INFORMATIQUE vous accompagne\u00a0 dans le choix, le param\u00e9trage et le support de votre solution\u00a0 de sauvegarde, tout en tenant compte de vos besoins sp\u00e9cifiques et de votre budget :<\/p><ul><li>Sauvegarde locale sur disque ou NAS.<\/li><li>Sauvegarde 100% externalis\u00e9e<\/li><li>Sauvegarde locale + r\u00e9plication en Cloud ou site secondaire.<\/li><\/ul><h2><strong><em>MESSAGERIE COLLABORATIVE : <\/em><\/strong><\/h2><p>Vous recherchez une solution de messagerie collaborative multi-plateformes ?<\/p><p>3TECH INFORMATIQUE propose la solution Zimbra . Il s\u2019agit d\u2019une solution de messagerie, de collaboration, d\u2019agenda, d\u2019\u00e9change de fichiers et de calendrier disponible en fran\u00e7ais et anglais. Accessible aussi bien sur Internet (via un Webmail d\u00e9di\u00e9), que par un logiciel sur votre ordinateur ou encore sur votre mobile, cette solution est universelle.<\/p><h2><em><strong>SOLUTION DE VPN :<\/strong><\/em><\/h2><h4><span style=\"font-weight: normal;\">Vous chercher \u00e0 travailler \u00e0 distance ? Vous voulez interconnecter vos sites distants ?<\/span><\/h4><p>Nous vous accompagnons dans la construction de vos projets :<\/p><ul><li>D\u2019interconnexion de site par l\u2019interm\u00e9diaire de VPNs s\u00e9curis\u00e9s.<\/li><li>De mise en place de solutions d\u2019acc\u00e8s VPN (T\u00e9l\u00e9travail) s\u00e9curis\u00e9es pour vos collaborateurs.<\/li><li>D\u2019interconnexion de solutions clouds.<\/li><\/ul><h2><strong><em>SOLUTION CLOUD :<\/em><\/strong><\/h2><p>Vous souhaitez acc\u00e9der \u00e0 vos donn\u00e9es depuis n&rsquo;importe quel appareils (PC, PC Portables, tablette, t\u00e9l\u00e9phone portable&#8230;)<\/p><p>Notre solution Cloud vous permet de stocker, sauvegarder et prot\u00e9ger vos donn\u00e9es dans un espace s\u00e9curis\u00e9 et d\u2019y acc\u00e9der partout, en temps r\u00e9el sans prendre le risque d\u2019une menace sur votre syst\u00e8me d&rsquo;information.<\/p>\t\t\t\t\t\t\t\t<\/div>\n\t\t\t\t<\/div>\n\t\t\t\t\t<\/div>\n\t\t<\/div>\n\t\t\t\t\t<\/div>\n\t\t<\/section>\n\t\t\t\t<\/div>\n\t\t","protected":false},"excerpt":{"rendered":"<p>NOS PRESTATIONS DE D\u00c9PANNAGE INFORMATIQUE : Vous avez besoin d\u2019aide pour installer une application, un \u00e9quipement ou une application ? Votre PC est tr\u00e8s lent ou bloqu\u00e9. Votre appareil ne d\u00e9marre plus du tout ou d\u00e9marre sur son syst\u00e8me en boucle. Vous avez des difficult\u00e9s \u00e0 avoir un acc\u00e8s internet. Vous avez un virus sur [&hellip;]<\/p>\n","protected":false},"author":1,"featured_media":0,"parent":0,"menu_order":0,"comment_status":"closed","ping_status":"closed","template":"","meta":{"ocean_post_layout":"full-width","ocean_both_sidebars_style":"","ocean_both_sidebars_content_width":0,"ocean_both_sidebars_sidebars_width":0,"ocean_sidebar":"0","ocean_second_sidebar":"0","ocean_disable_margins":"enable","ocean_add_body_class":"","ocean_shortcode_before_top_bar":"","ocean_shortcode_after_top_bar":"","ocean_shortcode_before_header":"","ocean_shortcode_after_header":"","ocean_has_shortcode":"","ocean_shortcode_after_title":"","ocean_shortcode_before_footer_widgets":"","ocean_shortcode_after_footer_widgets":"","ocean_shortcode_before_footer_bottom":"","ocean_shortcode_after_footer_bottom":"","ocean_display_top_bar":"default","ocean_display_header":"default","ocean_header_style":"","ocean_center_header_left_menu":"0","ocean_custom_header_template":"0","ocean_custom_logo":0,"ocean_custom_retina_logo":0,"ocean_custom_logo_max_width":0,"ocean_custom_logo_tablet_max_width":0,"ocean_custom_logo_mobile_max_width":0,"ocean_custom_logo_max_height":0,"ocean_custom_logo_tablet_max_height":0,"ocean_custom_logo_mobile_max_height":0,"ocean_header_custom_menu":"0","ocean_menu_typo_font_family":"0","ocean_menu_typo_font_subset":"","ocean_menu_typo_font_size":0,"ocean_menu_typo_font_size_tablet":0,"ocean_menu_typo_font_size_mobile":0,"ocean_menu_typo_font_size_unit":"px","ocean_menu_typo_font_weight":"","ocean_menu_typo_font_weight_tablet":"","ocean_menu_typo_font_weight_mobile":"","ocean_menu_typo_transform":"","ocean_menu_typo_transform_tablet":"","ocean_menu_typo_transform_mobile":"","ocean_menu_typo_line_height":0,"ocean_menu_typo_line_height_tablet":0,"ocean_menu_typo_line_height_mobile":0,"ocean_menu_typo_line_height_unit":"","ocean_menu_typo_spacing":0,"ocean_menu_typo_spacing_tablet":0,"ocean_menu_typo_spacing_mobile":0,"ocean_menu_typo_spacing_unit":"","ocean_menu_link_color":"","ocean_menu_link_color_hover":"","ocean_menu_link_color_active":"","ocean_menu_link_background":"","ocean_menu_link_hover_background":"","ocean_menu_link_active_background":"","ocean_menu_social_links_bg":"","ocean_menu_social_hover_links_bg":"","ocean_menu_social_links_color":"","ocean_menu_social_hover_links_color":"","ocean_disable_title":"default","ocean_disable_heading":"default","ocean_post_title":"","ocean_post_subheading":"","ocean_post_title_style":"","ocean_post_title_background_color":"","ocean_post_title_background":0,"ocean_post_title_bg_image_position":"","ocean_post_title_bg_image_attachment":"","ocean_post_title_bg_image_repeat":"","ocean_post_title_bg_image_size":"","ocean_post_title_height":0,"ocean_post_title_bg_overlay":0.5,"ocean_post_title_bg_overlay_color":"","ocean_disable_breadcrumbs":"default","ocean_breadcrumbs_color":"","ocean_breadcrumbs_separator_color":"","ocean_breadcrumbs_links_color":"","ocean_breadcrumbs_links_hover_color":"","ocean_display_footer_widgets":"default","ocean_display_footer_bottom":"default","ocean_custom_footer_template":"0","footnotes":""},"_links":{"self":[{"href":"https:\/\/3tech-informatique.fr\/index.php\/wp-json\/wp\/v2\/pages\/261"}],"collection":[{"href":"https:\/\/3tech-informatique.fr\/index.php\/wp-json\/wp\/v2\/pages"}],"about":[{"href":"https:\/\/3tech-informatique.fr\/index.php\/wp-json\/wp\/v2\/types\/page"}],"author":[{"embeddable":true,"href":"https:\/\/3tech-informatique.fr\/index.php\/wp-json\/wp\/v2\/users\/1"}],"replies":[{"embeddable":true,"href":"https:\/\/3tech-informatique.fr\/index.php\/wp-json\/wp\/v2\/comments?post=261"}],"version-history":[{"count":19,"href":"https:\/\/3tech-informatique.fr\/index.php\/wp-json\/wp\/v2\/pages\/261\/revisions"}],"predecessor-version":[{"id":540,"href":"https:\/\/3tech-informatique.fr\/index.php\/wp-json\/wp\/v2\/pages\/261\/revisions\/540"}],"wp:attachment":[{"href":"https:\/\/3tech-informatique.fr\/index.php\/wp-json\/wp\/v2\/media?parent=261"}],"curies":[{"name":"wp","href":"https:\/\/api.w.org\/{rel}","templated":true}]}}